22)?
5
What is the ten thousands digit of (3/(-12)*26)/(2 + (-12375)/6186)?
1
Let n(c) = 65*c - 57. Suppose -25*b = -18*b - 112. What is the tens digit of n(b)?
8
Suppose -7*b = -9*b + 2*d + 51686, 3*b - 2*d = 77521. What is the hundreds digit of b?
8
What is the thousands digit of (1971/292)/((-3)/(-4760))?
0
Suppose -5*b = -b + 2*q - 2106, 2*b = q + 1043. Let l = -242 + b. What is the tens digit of l?
8
Let z(f) = 27*f - 5*f**2 + 122 + 4*f**2 - 7*f + 0*f**2 + 12*f. What is the hundreds digit of z(27)?
2
Suppose -978 = 3*i + 3*a, 2*a + 652 = -4*i - 646. Let b = -211 - i. What is the units digit of 28/b + ((-483)/(-4) - 1)?
0
Let g be 2865 - (13 - 63/9). Let f = 4085 - g. What is the units digit of f?
6
Let l be ((-2)/4 - (-13)/26)/(-2). Suppose 2*m - 379 - 1099 = l. What is the tens digit of m?
3
Let w = -679 - -116. Let c = w + 1534. What is the hundreds digit of c?
9
Suppose 0 = -4*p - 5*l + 727, 3*p + 277 - 826 = -5*l. Suppose -w = -2*t - p, -4*w + 0*w + t + 691 = 0. What is the hundreds digit of w?
1
Let a = 9253 - 6512. What is the tens digit of a?
4
Suppose 0 = 2*r - 1285 - 2409. Suppose -5*o + 90 + r = -4*c, -5*c - 1555 = -4*o. What is the units digit of o?
5
What is the units digit of (1789440/840)/((-2)/(-7))?
6
Suppose -9*c + 14*c = -60. Let i be (-99)/c - 4 - (-2)/(-8). Suppose -i*g + 84 = -64. What is the units digit of g?
7
Suppose -38*p = 26*p - 1436096. What is the units digit of p?
9
Suppose 0 = 14*o - 13*o - 51. Let z be ((-170)/o)/(2/(-3)). Suppose 199 = z*x - 271. What is the tens digit of x?
9
Let a(w) = w**3 - 101*w**2 + 111*w - 762. What is the units digit of a(104)?
0
Suppose -120*b + 123*b = 6, 4*b + 23373 = h. What is the units digit of h?
1
Let o = -53 + 59. Suppose -o*h = -h + 90. What is the hundreds digit of ((-490)/42)/(2/h)?
1
Suppose -2*o + 4*c + 256 = -8986, c = 2*o - 9230. What is the units digit of o?
3
Let h(p) = 4*p - 27. Let d be h(11). Suppose -12*x + d*x - r = 1205, -5*x + 4*r + 1220 = 0. What is the hundreds digit of x?
2
Suppose 6*p + 4*s = 2*p + 9900, -4*p + 3*s + 9865 = 0. Suppose 4*a - p = -3*h, 3*a + 0*a + 4*h - 1856 = 0. What is the hundreds digit of a?
6
Suppose 78*s - 5720377 = -53*s. What is the ten thousands digit of s?
4
Let b be (-36456)/(-18)*-2*12/(-16). Suppose -6*o + b = o. What is the hundreds digit of o?
4
Suppose -g + 2*g + 18 = -d, -67 = 4*d - g. Let y(w) = -w**3 - 16*w**2 + 4*w - 3. What is the hundreds digit of y(d)?
2
Let g(d) = 15*d**2 - 13*d - 3485. What is the thousands digit of g(45)?
6
Suppose 32*b = 33606 + 81818. Suppose 3*p - 12 = 0, -b = -5*u - 6*p + 8*p. What is the hundreds digit of u?
7
Let w(l) = 211*l - 23. What is the hundreds digit of w(19)?
9
Suppose -2*z - 4*m = 836, 1692 = -4*z - m - 2*m. What is the tens digit of 168/9*(z/(-24) - -4)?
0
Let d(c) = 12*c + 19. Let t(z) = -13*z - 19. Let n(b) = -4*d(b) - 3*t(b). Let s be n(-3). Suppose 0 = -s*h + 3*h + 555. What is the units digit of h?
1
Suppose 0 = n - v - 945, -2*n + 4*v = v - 1885. Suppose n = 7*d + 285. What is the units digit of d?
5
Let c(b) = -30*b + 62 - 36 - 31. What is the tens digit of c(-4)?
1
Suppose 30*y = 21*y - 41*y + 717000. What is the hundreds digit of y?
3
Let b be 1/(2/2) - -10. Suppose 5*x + 750 = 5*l, 4*x - 3 = -b. Let g = -73 + l. What is the units digit of g?
5
Suppose -3*z = -5*p + 126, -p = -2*z + 3*z - 22. What is the tens digit of ((-1)/(-3))/1*45072/p?
2
Let c be (-4)/(12/(-9)) + (-9)/(-9). Let d = 0 + 0. Suppose -c*h = 5*w - 255, d = h + 3*w - w - 66. What is the units digit of h?
0
Suppose -13643797 = -352*i - 424789. What is the ten thousands digit of i?
3
Suppose 0 = -48*a + 54*a - 120. What is the tens digit of a*(-10 - -5)*-2?
0
Suppose -115*l + 78*l + 121730 = 0. Let b = l + -1889. What is the thousands digit of b?
1
Let f = 5250 + 5101. What is the units digit of f?
1
Let o(v) = 4*v**3 + 4*v**2 - 2*v + 23. Let t be (-9)/(-18)*(7 + 3). What is the hundreds digit of o(t)?
6
Let k(i) = -5*i**3 - 117*i**2 - 66*i + 99. What is the units digit of k(-23)?
9
Let l = -3152 - -5208. What is the hundreds digit of l?
0
Let s(x) = x**3 - 5*x**2 + 7*x - 12. Let j be s(4). Let f(k) = 2*k**3 + 3*k**2 + k + 441. What is the units digit of f(j)?
1
Suppose 4*u - 84 = 2*y, -4*u + 2*y = 4*y - 76. Suppose -4*o - 4*s = u, -4*o = -0*o - s + 40. What is the tens digit of 92/6 - (-3)/o?
1
Suppose a = -3*b + 12, 4 = 3*a + 3*b - 8. Suppose a = -5*y + 2*c + 820, 0*y - 5*c + 656 = 4*y. What is the units digit of y?
4
Suppose -2*f - 5*s = -62669, 524*f + 4*s + 125296 = 528*f. What is the units digit of f?
7
Let i = -514 + 543. Suppose -571 + 30209 = i*s. What is the units digit of s?
2
Let y be 33/((2 + -3 + -2)/(-2)). Let p be y/(-143) - (-1 - (-212)/(-26)). Suppose 0 = p*m - 3*m - 300. What is the units digit of m?
0
Let y = -8 + 46. Let b = -36 + y. Suppose -2*h + 0*h + a = -31, -b*h + 3*a + 33 = 0. What is the tens digit of h?
1
Suppose 0 = -256*l + 2808262 + 1145658. What is the hundreds digit of l?
4
Suppose 6*a - 2244 = 2628. Let u = -235 + a. What is the tens digit of u?
7
Suppose -46*d = -44*d + 276. Let i = d + 323. What is the units digit of i?
5
Let i(h) = 3*h**3 + 2*h**2 + 2*h + 50. Suppose 0*z = -12*z + 72. What is the hundreds digit of i(z)?
7
Suppose 0 = 5*v - 5, 0 = -4*r + 2*v + 18 + 20. Let x = r - 26. What is the units digit of 127 + (x/4)/(-8)*-6?
4
Let q(s) = 2*s**2 - 14*s + 2. Let d be q(7). Suppose -28 - 20 = -4*y. What is the units digit of ((-40)/y)/(d/(-39))?
5
Let a = -8 + 64. Let t(c) = c - 1. Let n be t(1). Let r = a + n. What is the tens digit of r?
5
Suppose 3*q + 19 = n + 7, -3*q - 12 = 4*n. Suppose n = 3*j + 320 - 845. What is the hundreds digit of j?
1
Let p(o) = o - 3. Let a be p(9). Let x(h) = 0*h - 4 - h + 10*h - 18. What is the units digit of x(a)?
2
Let p = 61853 + -36763. What is the ten thousands digit of p?
2
Let l(z) = 106*z**2 + 51*z - 624. What is the thousands digit of l(22)?
1
Suppose 109134 = 30*g - 106933 + 81967. What is the units digit of g?
0
Let p(b) = -3*b**3 - 12*b**2 - 20*b - 8. Let a(z) = -2*z + 12. Let u be a(10). What is the tens digit of p(u)?
2
Let p be 4*((-28)/(-24) - (-4)/(-6)). Suppose -1344 = -2*l - 2*l - 4*f, p*l + 5*f - 681 = 0. What is the hundreds digit of l?
3
Let n(x) = -259*x - 5439. What is the thousands digit of n(-77)?
4
Suppose 2*t - 3*w = 85473, 3*w + 21 = -0*w. What is the hundreds digit of t?
7
Suppose -5*l - 3*l + 3*l = 0. Suppose 0*r - 5*r - 75 = l. Let c = 11 - r. What is the tens digit of c?
2
Let o(f) = f + 25. Let l be o(-18). Suppose 0 = 4*z - l*z + 579. What is the hundreds digit of z?
1
Suppose 4*a = 7*a - 693. Let x = 17 - 11. Suppose -807 + a = -x*h. What is the units digit of h?
6
Suppose -23*u = 11*u + 170560 - 1101582. What is the tens digit of u?
8
Let w = -894 + 4590. Suppose -17*h = -5*h - w. What is the units digit of h?
8
Suppose 36*i = 61*i - 28*i + 132519. What is the units digit of i?
3
Let i be 103/2 + (-10)/(-4). Let b be (-1 + -2)*(-72)/i. Suppose -372 = -b*d + 64. What is the hundreds digit of d?
1
Let s = 241 + -230. Let c(h) = h + 86. What is the tens digit of c(s)?
9
Suppose 2*b + 3229 = 5*v, -4*b = 5*v - 1410 - 1807. Let a = v + -462. What is the tens digit of a?
8
Let y(m) = -m**3 - 2*m**2 + 2*m - 5. Let i be y(-4). What is the hundreds digit of i/((-152)/48) - -309?
3
Suppose -362*z + 337*z + 1655 = -9495. What is the tens digit of z?
4
Let s = 16565 + -9325. What is the hundreds digit of s?
2
Let n = -68 + 72. Suppose 0 = -i + v + 3, -n*i - v = -4*v - 14. Let h(a) = 2*a**3 - 2*a**2 - 12*a + 1. What is the units digit of h(i)?
1
Let r(d) = -4 + 5*d - d**3 - 23*d - 16*d - 16*d**2 + 0*d**3. Let w be 2/3*((-9 - 10) + -2). What is the tens digit of r(w)?
8
Let j(q) = -q**3 - 5*q**2 - 3*q + 828. What is the hundreds digit of j(0)?
8
Suppose -15228 = a - 23661. What is the units digit of a?
3
Let d(y) = y**3 + 19*y**2 + 5*y - 14. Let g(m) = -10*m - 27. Let l be g(-1). What is the tens digit of d(l)?
7
Let j(i) = 2*i**2 - 5*i - 1. Suppose -2*z + 3 = -7. Suppose -z*u = 6 + 19. What is the units digit of j(u)?
4
Let d = -89 + 124. Suppose -d*l = -17901 + 1871. What is the hundreds digit of l?
4
Let m = 461 - 240. Suppose -14*p = -p - m. What is the units digit of p?
7
Let i be 8/(-52) + 1 + 33/(-39)